t u = -13 - -37. Suppose 0*v + 3*v - u = n, -15 = -5*n. What is the units digit of v?
9
Let u be (-4 - -4)/(0 - -2). Suppose 0 = -3*t + 1 + 2, 5*g + 3*t - 228 = u. Suppose 3*f = -2*f + g. What is the units digit of f?
9
Suppose -17*f = -2531 - 2110. What is the units digit of f?
3
Let o be -2*1*39/(-6). Let n = o - 6. What is the units digit of n?
7
Let x(b) = 2*b**2 - 8*b - 6. Let w be x(6). Suppose 2 = u - 3*i, 0*i = -4*u + 2*i + w. Let y(z) = -z**2 + 4*z + 7. What is the units digit of y(u)?
2
Let r be (-1)/(1 + (-6)/3). Let u(l) = -2 + r + l**2 + 0*l**2. What is the units digit of u(4)?
5
Let x(m) = 2 - 19*m + 22*m - 13*m. What is the units digit of x(-2)?
2
Let z(r) = -r**3 + r**2 + 2*r. Let g be z(2). Let h(w) = -6*w + 5*w**2 - w**3 + g*w**2 + 2*w**2 + 4. What is the units digit of h(6)?
4
What is the units digit of 8/6*-3 - -15?
1
Let q be 3*1 - (1 - 1). Suppose -2*w + 35 = w - r, q*w - 27 = 3*r. What is the tens digit of w?
1
Suppose j + 3*j + 16 = 0. Let f = 1 - j. Suppose 2*x + 0*y - 4*y = 18, 0 = 3*x + f*y + 17. What is the units digit of x?
1
Let i = 12 + -22. Let f(c) = -c**3 - 9*c**2 + 11*c + 8. Let d be f(i). What is the units digit of -1 - (-4 + (0 - d))?
1
Let b(s) = -s**2 + 5*s + 7. Let h be b(5). Let i = 5 + h. Suppose 4*m - 2*m - i = 0. What is the units digit of m?
6
Let k = 26 - 31. Let y(i) = -i**3 - 2*i**2 + 8*i + 7. What is the tens digit of y(k)?
4
What is the units digit of (2 + -1)/(((-2)/(-91))/2)?
1
Let r(b) = b**2 + 2*b - 3. Suppose -3*j + 0 = -4*s - 2, -4*j = -s - 7. What is the units digit of r(j)?
5
Let j be (9 - 5)*2/4. Suppose j*i - i - 11 = 0. What is the units digit of i?
1
Let c = 20 - 36. Suppose -2*g = 2*h - 52, h - 5*g = 1 + 31. Let b = c + h. What is the units digit of b?
1
Let c(r) = -r**3 + 6*r**2 + 6*r - 8. Let x(m) = -m**2. Let g(t) = -c(t) - x(t). What is the units digit of g(6)?
8
Let z(m) = -m + 6. Let q = -22 + 10. What is the units digit of z(q)?
8
Let t(y) = -4*y**3 + 4*y**2 - 2*y - 2. Let h be t(2). Let j be 36/126 - (-172)/(-14). Let o = j - h. What is the tens digit of o?
1
Let h(b) be the first derivative of -b**4/4 + 2*b**3 + 7*b**2/2 + 2*b - 5. Suppose -3 = -2*t - 4*l + 19, 3*t = -l + 23. What is the units digit of h(t)?
2
Suppose 3*h + 4*f = 38, -h = -2*f + 6*f - 26. Let d(j) = j**2 + 5. What is the tens digit of d(h)?
4
Let l(m) = m**3 - 2*m**2 + 5*m - 2. Let p be l(3). Suppose 0 = 3*b - b + p. Let d = 1 - b. What is the units digit of d?
2
Let b = 5 - 3. Let n = 6 + -6. Suppose -b*p + 3*p - 5 = n. What is the units digit of p?
5
Let h(r) be the third derivative of r**5/20 - 5*r**4/24 - r**3/3 - 8*r**2. What is the units digit of h(4)?
6
Suppose 2 = -3*a - 328. Let w = -76 - a. What is the units digit of w?
4
Let f(v) = -v**3 + 6*v**2 + 3*v - 3. Let d be (-3)/(-7) - 78/(-14). What is the units digit of f(d)?
5
Suppose 0 = 2*w - 5*i - 77, -2*w - 2*i - 2*i + 32 = 0. Let r be (-2 + w/6)*-3. Let v(n) = -n**2 - 8*n - 4. What is the units digit of v(r)?
3
Suppose 12 = 3*n - 3. Let v(j) = j**2 - 5*j + 4. Let c be v(n). Suppose -4*t - t = 2*p - 30, c*p - 4 = -3*t. What is the units digit of t?
8
Let s = 390 + -175. What is the tens digit of s?
1
What is the units digit of ((-114)/4)/((-3)/4)?
8
Suppose -2*h = -h - 21. Suppose h = 3*i - 2*i. What is the units digit of i?
1
Let q(s) = 0*s + 6 + 2*s - 3*s. Suppose -4*d = -7*d - 18. What is the units digit of q(d)?
2
Suppose 0 = -f + 2*x + 104, 5*f + 4*x - 104 = 4*f. What is the hundreds digit of f?
1
Suppose 0 = -4*h, 2*x = -x - 5*h + 6. Suppose 3*n = y + 23, 24 = n + 3*n + x*y. What is the units digit of n?
7
Let y = -1 + -1. What is the units digit of 40/56 + y/(-7)?
1
What is the tens digit of (129/(-12))/((-2)/8)?
4
Let h(u) = -13*u**2 - 2*u. Let w be h(-2). Let l = 68 + w. What is the units digit of l?
0
Let k(b) = -3*b**3 - 6*b**2 - 12*b - 1. Let z(i) = -2*i**3 - 6*i**2 - 11*i - 1. Let q(p) = 3*k(p) - 4*z(p). What is the units digit of q(7)?
8
Let c = 13 - 12. What is the units digit of c?
1
Let z = -46 + 62. Suppose -3*n - g + 18 = 2*g, -g = 4*n - 15. Let d = z - n. What is the tens digit of d?
1
Suppose 1 = -u, -3*u - u - 19 = 5*y. What is the tens digit of 470/30 + (-1)/y?
1
Let b(s) = 3*s**2 - 3*s - 1. What is the tens digit of b(-2)?
1
Let z(g) = 14*g - 13. What is the tens digit of z(8)?
9
Let l(s) = -3*s**2 - 3*s**2 - 10*s + 6*s + 0*s - s**3. What is the units digit of l(-6)?
4
Suppose 10 = 4*n - 6. Suppose -5*x = -3*x + n. Let k = 7 + x. What is the units digit of k?
5
Suppose 2*m - 64 = h, -64 = -2*m - 3*h - 16. What is the tens digit of m?
3
Let t = 43 - 16. What is the units digit of t?
7
Suppose -4*x = -x - 90. What is the units digit of x?
0
Let y be (-50)/(-13) - (-4)/26. What is the units digit of 110/(-15)*(-6)/y?
1
Suppose -3 + 10 = c. Suppose -5*x + 62 = c. What is the tens digit of x?
1
Suppose 626 = 2*g - 5*p, 11 = -2*p + 19. What is the tens digit of g?
2
Let p be (-1 - 1)*(-1)/(-1). Let n be (-1 - -6)*2 - p. Let q = -5 + n. What is the units digit of q?
7
Let d = 87 + -59. What is the tens digit of (6/4)/(3/d)?
1
Suppose -5*g + 0*g = -5. Suppose 3*t - 2*t = g. Suppose t - 5 = 2*k + 2*p, p - 6 = -5*k. What is the units digit of k?
2
Let w(f) = 2*f**2 - 4*f + 4. What is the units digit of w(4)?
0
Let v be -8 + (-3)/(-6)*2. What is the units digit of (-1 - -4)/((-3)/v)?
7
Suppose 1249 = 5*w - 0*w + 3*j, 4*j = 5*w - 1228. What is the tens digit of w?
4
Let s = -10 + 12. What is the units digit of (-1 + s)*(3 - 1)?
2
Let q(p) = p**3 + 4*p**2 + p + 3. Let y be -2*(-3)/6*-2. What is the units digit of q(y)?
9
What is the tens digit of 6/14 - (-270)/7?
3
Let z(m) = -6*m - 85. What is the tens digit of z(-27)?
7
Suppose 5*x - 3*x = 68. What is the tens digit of x?
3
Let a = 6 + 5. Let q = -1 + a. What is the units digit of q?
0
Let k be 45/(-6)*(-2)/3. Let w = k - 3. What is the units digit of w?
2
Let p(l) = -l**3 + 3*l**2 + 1. Let s be p(3). Suppose n = -s + 9. What is the units digit of n?
8
Let y = 1 + -1. Suppose 4*r - 19 - 1 = y. Suppose r*x - 3*x = 26. What is the tens digit of x?
1
Suppose g - 2*p = 22 + 30, 0 = 3*p. What is the units digit of g?
2
Let n(o) = o**2 - 3*o - 7. Let r be n(6). Suppose 5*p + r = -m, -4*p + 8 = -3*m + 8*m. Let a = p - -13. What is the units digit of a?
0
Let p be ((-2)/((-4)/(-2)))/(-1). Suppose 2*h - h = a + 1, -3*h + 9 = 3*a. Let v = p + a. What is the units digit of v?
2
Let q(i) = 4*i + 1. What is the units digit of q(4)?
7
Let v(o) = 3*o**2 - o + 2. Let i be v(2). Suppose 5*m - 28 = i. Suppose 5*u - 22 = -3*a, u + m = -u + 3*a. What is the units digit of u?
2
Let b be 194/(-18) + (-8)/36. Let x = -7 - b. Suppose -x*y = 10 - 22. What is the units digit of y?
3
Let u = -318 - -597. What is the tens digit of u?
7
Let a = 231 - 80. What is the units digit of a?
1
Suppose -39 = 5*p - 184. What is the tens digit of p?
2
Let p be 9/3 - 2/2. Let h(y) = y**2 - 6*y + 11. Let c be h(6). Suppose 0 = p*l - l - c. What is the units digit of l?
1
Suppose 0 = 5*q - 0*q - 20. Suppose -q*z + z = 2*p - 72, -2*p + 20 = z. What is the units digit of z?
6
Let r = -4 - -7. Suppose y + 1 - 18 = 4*s, r*s = 3*y - 15. What is the units digit of y?
1
Suppose -4*y + 6 = 2. What is the units digit of 11 + y + 4 + -4?
2
Suppose -4*h = -6*h. Let w = 3 - h. What is the units digit of 6 - (w + (-3 - -3))?
3
Suppose 0 = -3*c + 6*c - 6. Let p = 1 - 1. Let h = c + p. What is the units digit of h?
2
Suppose 8*n - 3*n = 0. Let v(b) = b**3 - 3*b**2 + 3*b. Let w be v(2). Let p = n + w. What is the units digit of p?
2
Suppose 4*m + 18 = -0*v + v, 0 = -4*v - 2*m. Suppose v*g - 2 = g. Suppose -r = g*b - 9, -2*b = -6*b - 3*r + 17. What is the units digit of b?
5
Let z(p) = -p + 14. Let w be z(11). Suppose -w*t + 45 = 12. What is the tens digit of t?
1
Let b(p) = 2*p**2 + 5*p - 1. Suppose 5 = -3*z - 10. Let q be b(z). What is the units digit of 174/q + (-2)/8?
7
Let x(q) = 2*q**2 + 7*q - 25. What is the tens digit of x(-11)?
4
Suppose -t = -0 + 2. Let c(d) = -d + 2. Let z be c(t). Suppose z*r + 10 = 2*h, h - 5*h + 2*r = -8. What is the units digit of h?
1
Let o = 16 + -16. Suppose -4*b + 3*b = t - 10, o = 4*b + 3*t - 35. What is the units digit of b?
5
What is the units digit of 0 - ((-4 - -2) + -64)?
6
Let z be ((-3)/2)/(2/(